 + m + 37. What is the remainder when a(-6) is divided by 24?
7
Suppose -24 = -0*a - a. Let c(n) = n**3 + 7*n**2 + 5*n - 3. Let j be c(-6). What is the remainder when a is divided by (7 - -3)*j/6?
4
Suppose -3*k = 65*a - 69*a + 60, 0 = -3*k - 12. What is the remainder when 621 is divided by a?
9
Let g = 112 - 77. Suppose -360 = 2*m - 22*m. What is the remainder when g is divided by m?
17
What is the remainder when (4576/80)/((-2)/(-5)) is divided by 6/30 + 358/10?
35
Let b be (1 + -2 + 6/(-8))*-4. Suppose 84 = b*u - u. Calculate the remainder when 53 is divided by u.
11
Let p = -1722 - -1857. What is the remainder when p is divided by 8?
7
Suppose 5*o - 44 = 16. Suppose s = 9 + o. What is the remainder when 37 is divided by s?
16
Let m = -60 + 65. Suppose -2*p + 3*v + 38 = -1, -5*p + 85 = -m*v. What is the remainder when 32 is divided by p?
8
Suppose -4*z = -10*z. Let k be ((-18)/(-15))/(3/290). Suppose 0*h + 2*h - k = z. What is the remainder when h is divided by 15?
13
Let z(w) = -w**3 + 13*w**2 + 6*w - 1. What is the remainder when z(13) is divided by 20?
17
Suppose -5*h + 12 + 23 = 0. Suppose 4*f - 42 = -2*f. Suppose -52 = 3*x - f*x. What is the remainder when x is divided by h?
6
Suppose 3*f + 11 = x, 7 = 4*x - 4*f - 5. What is the remainder when 6 is divided by 8/24 - x/(6/10)?
0
Suppose 5*s + 0*s - 840 = 0. Let z = 274 - s. What is the remainder when z is divided by 36?
34
Calculate the remainder when (186/(-7))/(28/(-196)) is divided by 17.
16
Let k(v) = -v**3 - 4*v**2 - 2*v - 5. Let u be 2/6 + (-34)/(-6). Suppose -2*l + 2*d = u, -5*d = 2*l - 3*l + 5. What is the remainder when k(l) is divided by 11?
8
Let t(l) = -3*l + 18. Suppose 8*i = 20 + 20. Calculate the remainder when 24 is divided by t(i).
0
Let l(b) = 2*b**3 - 5*b**2 + b + 4. Suppose 2*z + 3*z - 144 = 3*r, 0 = 5*z - 2*r - 146. What is the remainder when z is divided by l(3)?
14
Let h(y) = 26*y - 6. Calculate the remainder when 343 is divided by h(5).
95
Suppose -61*s + 5217 = -24*s. Calculate the remainder when s is divided by -3 - -1 - (-148)/2.
69
Suppose -14*l + 9*l = -25. Suppose w = -l*v + 14, 3*w - 15 = -4*v + 16. Calculate the remainder when 31 is divided by w.
4
Let j(i) = -i + 110. Let s be j(0). Suppose -4*c = 16, 5*w - 4*c + 29 = s. Let k(o) = -o**2 + 15*o - 7. Calculate the remainder when k(7) is divided by w.
10
Calculate the remainder when (-5)/(-20) - 2691/(-36) is divided by 19.
18
Let o = 10 - 7. Let m(d) = d**3 - 3*d**2 - d + 3. Let i be m(o). Suppose i = l + l - 84. What is the remainder when l is divided by 11?
9
Let q = 6 - 1. Let m = q + -27. Calculate the remainder when 23 is divided by m/(-3) - 4/(-6).
7
Calculate the remainder when 206 is divided by (-9)/(-6) + 414/36.
11
Suppose 19*k - 23*k = -8. Suppose -k*o + 36 = -4*w, 2*w - 4*w - 34 = -3*o. Calculate the remainder when -1 + 2 + -2 + 21 is divided by o.
4
Let p be (-5)/2*((-288)/(-30))/(-3). Let h = 6 + p. What is the remainder when 55 is divided by h?
13
Suppose 54 = s + 3*v - 6*v, 4*v = 4*s - 240. Suppose -13*t - 103 = -12. Let l(w) = -w + 9. What is the remainder when s is divided by l(t)?
15
Suppose 2*w - 2*g - 74 = -4*g, -5*w + 2*g = -157. Suppose -24 - 24 = -8*c. Calculate the remainder when w is divided by c.
3
Let c(w) = 86*w + 391. Suppose 14 + 94 = 4*n. Calculate the remainder when c(-3) is divided by n.
25
Let t(q) = -2*q**3 - 7*q**2 + 2*q + 1. Suppose 4*y - 87 - 281 = 5*j, 0 = -4*j. Let h = -75 + y. What is the remainder when t(-5) is divided by h?
15
Let o be (-3 - (2 - 4)) + -103 + 9. Let n = 118 + o. Suppose 0 = 2*k - 69 - 63. Calculate the remainder when k is divided by n.
20
Let y(s) = 16*s**3 + 2*s**2 - 4*s + 1. Let i(b) = -48*b**3 - 5*b**2 + 12*b - 3. Let t(u) = 2*i(u) + 7*y(u). Calculate the remainder when 22 is divided by t(1).
5
Let p = 32 - 29. Suppose f + 54 = 2*l - p*f, 2*f = -4*l + 58. What is the remainder when 28 is divided by l?
11
What is the remainder when 61 is divided by 2*(6 - 25/(-10))?
10
Let y(d) = -d**3 + 29*d**2 + 31*d - 34. Let s be y(30). Calculate the remainder when (-2)/(-7) + (-131)/(-7) is divided by 9 + ((-24)/s)/6.
9
Let w(s) = s**3 - 28*s**2 - 3*s + 10. Let h be w(28). Let z = 86 + h. What is the remainder when 12 is divided by z?
0
Suppose 0 = -29*m + 86*m - 1083. What is the remainder when 337 is divided by m?
14
Let m be (6/(-4))/((-1)/(-848)). What is the remainder when m/(-36) + (-5)/(-3) is divided by 14?
9
Calculate the remainder when 145 is divided by (-14)/(-98) - (-1090)/14.
67
Let n = -143 - -160. Suppose 72 = q - 5*q. Calculate the remainder when n is divided by (-158)/q + 4/18.
8
Suppose 2465*j - 2462*j - 69 = 0. Let n = 159 + -94. Calculate the remainder when n is divided by j.
19
Let w(i) = 58*i**3 - 2*i**2 + 3*i - 2. Let s be w(1). Suppose 50 = -52*u + s*u. What is the remainder when 19 is divided by u?
9
Suppose -2*g - 2*i = -0*g - 42, -4*g + 3*i = -84. Let w = 17 - g. What is the remainder when 17 is divided by (-23)/w - 11/(-44)?
5
Suppose 5*v - 2*u = 8*v - 311, 3*u + 336 = 3*v. Suppose -14 = -2*c - a + 93, -2*c + 3*a + 119 = 0. Calculate the remainder when v is divided by c.
52
Suppose 68 = -2*q + 4*q + 2*i, -2*i - 80 = -2*q. Suppose -8 = -2*r + 4*b, -2*r - 32 = -7*r + 4*b. What is the remainder when q is divided by r?
5
Let l(u) = 20 - u - 7*u**2 + 11*u + 17*u**2 - 9*u**2. Calculate the remainder when l(-9) is divided by 5.
1
Let l = -295 + 652. What is the remainder when l is divided by 8?
5
Let a = -8 - -11. Let h = -19 - -26. Let s = -4 + h. What is the remainder when s is divided by a?
0
Suppose 60 = 2*x + 3*n, -2*n + 65 + 63 = 5*x. Suppose 71 = 25*c - x*c. Calculate the remainder when c is divided by 18.
17
Let v(u) = 6*u**2 - u. Let w be (-1)/(-1)*(2 + 1 - 4). Calculate the remainder when 25 is divided by v(w).
4
Let u(b) = 2*b**3 - b + 3. Let d be u(-3). Let y = d + 59. Calculate the remainder when 51 is divided by y.
7
Suppose 0 = 5*x - 4*m - 142, -2*x - 4*m + 64 = -2*m. Let n = -61 + 193. Suppose -96 - n = -4*o. Calculate the remainder when o is divided by x.
27
Let j = 17 + 6. Calculate the remainder when ((-170)/6 + 108/18)*-3 is divided by j.
21
Let p = -24 - -54. Suppose y - 2*d = -4*y + p, d = 0. What is the remainder when 14 is divided by y?
2
Let y(b) = -b**3 + 8*b**2 - 7*b - 8. Let x(m) = -5*m**2 - 2 - 2*m**3 - 4*m - 3 + 3*m**3 - 1. Let t be x(6). What is the remainder when 42 is divided by y(t)?
20
Suppose -2*k = -a - 6, -26 + 8 = a + 4*k. Let c = a + 28. What is the remainder when c is divided by 5?
3
Let p(v) = -8*v**2 + 56*v + 4. Let c = -8 + 19. Calculate the remainder when c is divided by p(7).
3
Let d(n) = n**3 - 5*n**2 + 2*n + 3. Let c be 7 - 1/((-1)/(-2)). Suppose 3 = -4*s + s, c*s - 67 = -4*g. What is the remainder when d(6) is divided by g?
15
Suppose -4*w - w + 431 = -4*v, 3*v = w - 84. What is the remainder when w is divided by 30?
27
Let r be 49/1 + 21/(-7). Let w be r/16 + 17/136. Calculate the remainder when 41 is divided by (18 - 22) + w*5.
8
Suppose 2*z = -3*g - 10 + 26, 4*z + 4*g - 28 = 0. Suppose -36 = p - 5*p. What is the remainder when (z/2 + 0)*10 is divided by p?
7
Suppose 0 = 5*r + 2 - 52. Let n(c) = -15*c - 152. What is the remainder when n(-14) is divided by r?
8
Let k(p) = p**3 - 15*p**2 + 28*p - 26. Let a be k(13). Suppose -3*r - 43 + 97 = a. What is the remainder when 141 is divided by r?
15
Let c = -40 - -96. Let a = c + -41. What is the remainder when 71 is divided by a?
11
Let o = -981 - -996. Let r(z) = -z**3 - 6*z**2 + 10*z - 5. Calculate the remainder when r(-8) is divided by o.
13
Let j = -31 - -61. Let q be j/(-9) - (-1)/3. Let d = 4 - q. What is the remainder when 26 is divided by d?
5
Let p = -30 - -39. Let v(c) = -c**3 + c + 1. Let z(w) = 3*w**3 + 10*w**2 - 9*w - 11. Let i(l) = 4*v(l) + z(l). What is the remainder when i(p) is divided by 16?
13
Let b(h) = -10*h - 231. Calculate the remainder when b(-24) is divided by 1.
0
Let f = 107 - 52. Let a = f + -47. Calculate the remainder when 47 is divided by a.
7
Suppose 2*q - 27 = 77. Calculate the remainder when 125 is divided by q.
21
Suppose -5*m + 71 + 11 = -3*h, 4*m - 5*h - 76 = 0. What is the remainder when 80 is divided by m?
10
Let f(y) = -2*y + 8. Calculate the remainder when 2/6 + 34/6 is divided by f(1).
0
Suppose